{"id":10,"date":"2025-06-07T08:56:16","date_gmt":"2025-06-07T06:56:16","guid":{"rendered":"https:\/\/kistner-osteopathie.de\/?page_id=10"},"modified":"2025-09-01T09:25:24","modified_gmt":"2025-09-01T07:25:24","slug":"behandlungen","status":"publish","type":"page","link":"https:\/\/kistner-osteopathie.de\/?page_id=10","title":{"rendered":"Behandlungen"},"content":{"rendered":"<h2>Osteopathie \u2013 Ganzheitliche Behandlung f\u00fcr mehr Wohlbefinden<\/h2>\n<p>Die Osteopathie ist ein ganzheitliches Behandlungskonzept, das den Menschen in seiner Gesamtheit betrachtet. K\u00f6rper, Geist und Seele stehen in enger Verbindung \u2013 Beschwerden entstehen oft dann, wenn dieses Gleichgewicht gest\u00f6rt ist. Ziel der osteopathischen Behandlung ist es, Blockaden zu l\u00f6sen, die Beweglichkeit zu verbessern und die nat\u00fcrlichen Selbstheilungskr\u00e4fte des K\u00f6rpers zu aktivieren.<\/p>\n<h3>Was ist Osteopathie?<\/h3>\n<p>Die Osteopathie basiert auf dem Prinzip, dass alle Strukturen des K\u00f6rpers \u2013 Knochen, Muskeln, Gelenke, Organe, Nerven und Faszien \u2013 miteinander verbunden sind. Ist die Beweglichkeit in einem Bereich eingeschr\u00e4nkt, kann dies auch andere Bereiche beeinflussen. Osteopathen sp\u00fcren solche Funktionsst\u00f6rungen auf und behandeln sie mit sanften manuellen Techniken.<\/p>\n<h3>Anwendungsgebiete<\/h3>\n<p>Osteopathie kann in vielen Lebenssituationen unterst\u00fctzen, unter anderem bei:<\/p>\n<ul>\n<li>R\u00fcckenschmerzen, Nackenverspannungen oder Gelenkbeschwerden<\/li>\n<li>Kopfschmerzen und Migr\u00e4ne<\/li>\n<li>Verdauungsproblemen<\/li>\n<li>Beschwerden nach Verletzungen oder Operationen<\/li>\n<li>Stressbedingten Symptomen<\/li>\n<li>Begleitend in Schwangerschaft und nach der Geburt<\/li>\n<\/ul>\n<h3>Behandlung in der Osteopathie<\/h3>\n<p>Eine osteopathische Behandlung beginnt mit einem ausf\u00fchrlichen Gespr\u00e4ch und einer ganzheitlichen Untersuchung. Anschlie\u00dfend werden gezielte manuelle Techniken angewendet, um Spannungen zu l\u00f6sen, Bewegungen zu verbessern und die K\u00f6rperfunktionen wieder ins Gleichgewicht zu bringen.<\/p>\n<h3>F\u00fcr wen ist Osteopathie geeignet?<\/h3>\n<p>Osteopathie ist f\u00fcr Menschen jeden Alters geeignet \u2013 vom S\u00e4ugling bis ins hohe Alter. Sie versteht sich als Erg\u00e4nzung zur klassischen Medizin und kann pr\u00e4ventiv wie auch begleitend bei akuten oder chronischen Beschwerden eingesetzt werden.<\/p>\n<h3>Kosten<\/h3>\n<p>Da es sich hier um eine Privatpraxis beziehungsweise Selbstzahlerpraxis handelt m\u00fcssen die Kosten durch den Patient getragen werden. Die Abrechnung erfolgt gem\u00e4\u00df der Geb\u00fchrenordnung f\u00fcr Heilpraktiker (Geb\u00fcH). Seit 2012 werden aber durch die gesetzlichen Krankenkasse die Kosten der Behandlungen anteilig \u00fcbernommen. Bitte informieren Sie sich vorab bei Ihrer Krankenkasse. Unter diesem Link besteht f\u00fcr Sie die M\u00f6glichkeit sich \u00fcber die \u00dcbernahme der Kosten durch die aufgelisteten Krankenkasse zu informieren <a href=\"https:\/\/www.osteopathie-krankenkasse.de\/kostenuebernahme\/\">https:\/\/www.osteopathie-krankenkasse.de\/kostenuebernahme\/<\/a><\/p>\n<p>Z\u00f6gern Sie nicht sich zu melden um mit uns in Kontakt zu kommen und mehr Informationen \u00fcber Aufbau und Dauer der Behandlung zu bekommen.<\/p>\n<p>Die Praxis ist eine reine Terminpraxis. Bitte beachten Sie, dass eine Ausfallgeb\u00fchr in Rechnung gestellt wird sollte der vereinbarte Termin nicht mindestens 24 Stunden vor Termin schriftlich abgesagt worden sein oder nicht eingehalten worden sein.<\/p>\n<p>&nbsp;<\/p>\n<style>.doctolib-widget{position:fixed;top:200px;right:0;display:block;text-align:center;background:#00264c;color:#00264c;text-decoration:none;font-size:16px;font-weight:700;font-family:'Montserrat',sans-serif;width:auto;border-radius:4px 0 0 4px;padding:5px;z-index:999;opacity:.8;box-shadow:1px 2px 4px rgba(0,0,0,.2);line-height:1.4}<br \/>\n.doctolib-widget a{display:block;color:#00264c;text-decoration:none;padding:6px;margin-top:5px;background:#fff;border-radius:4px;font-weight:700;transition:.2s}<br \/>\n.doctolib-widget a:hover,.doctolib-widget a:focus{opacity:.9;outline:2px solid #f5f5f5;outline-offset:2px}<br \/>\n.doctolib-widget img{display:inline-block;height:18px;margin:3px 0;vertical-align:middle;width:auto}@media(max-width:600px){<br \/>\n.doctolib-widget{top:auto;bottom:10px;right:0px;width:86px;padding:4px}<br \/>\n.doctolib-widget a{text-decoration:none;font-size:16px;font-weight:700;padding:5px}}@media(prefers-reduced-motion:reduce){*{transition:none!important}}<br \/>\n<\/style>\n<nav id=\"doctolib-nav\" class=\"doctolib-widget\" aria-label=\"Doctolib Schnellzugriff\"><a class=\"skip-link\" style=\"position: absolute; left: -9999px; top: auto; width: 1px; height: 1px; overflow: hidden;\" href=\"#maincontent\">Zum Hauptinhalt springen<\/a><img decoding=\"async\" src=\"https:\/\/www.doctolib.de\/external_button\/doctolib-white-transparent.png\" alt=\"Doctolib Logo\" \/><a href=\"https:\/\/www.doctolib.de\/osteopath\/rehling\/fanny-kistner?utm_campaign=website-button&amp;utm_source=fanny-kistner-website-button&amp;utm_medium=referral&amp;utm_content=option-8&amp;utm_term=fanny-kistner\" target=\"_blank\" rel=\"noopener noreferrer\" aria-label=\"Termin \u00fcber Doctolib buchen\">Termin<\/a><a href=\"https:\/\/www.doctolib.de\/osteopath\/rehling\/fanny-kistner?utm_campaign=website-button&amp;utm_source=fanny-kistner-website-button&amp;utm_medium=referral&amp;utm_content=option-8&amp;utm_term=fanny-kistner\/patient-request\" target=\"_blank\" rel=\"noopener noreferrer\" aria-label=\"Nachricht an Praxis \u00fcber Doctolib senden\">Nachricht<\/a><\/nav>\n","protected":false},"excerpt":{"rendered":"<p>Osteopathie \u2013 Ganzheitliche Behandlung f\u00fcr mehr Wohlbefinden Die Osteopathie ist ein ganzheitliches Behandlungskonzept, das den Menschen in seiner Gesamtheit betrachtet. K\u00f6rper, Geist und Seele stehen in enger Verbindung \u2013 Beschwerden &hellip; <\/p>\n","protected":false},"author":1,"featured_media":0,"parent":0,"menu_order":0,"comment_status":"closed","ping_status":"closed","template":"","meta":{"om_disable_all_campaigns":false,"_monsterinsights_skip_tracking":false,"_monsterinsights_sitenote_active":false,"_monsterinsights_sitenote_note":"","_monsterinsights_sitenote_category":0,"footnotes":""},"class_list":["post-10","page","type-page","status-publish","hentry"],"aioseo_notices":[],"_links":{"self":[{"href":"https:\/\/kistner-osteopathie.de\/index.php?rest_route=\/wp\/v2\/pages\/10","targetHints":{"allow":["GET"]}}],"collection":[{"href":"https:\/\/kistner-osteopathie.de\/index.php?rest_route=\/wp\/v2\/pages"}],"about":[{"href":"https:\/\/kistner-osteopathie.de\/index.php?rest_route=\/wp\/v2\/types\/page"}],"author":[{"embeddable":true,"href":"https:\/\/kistner-osteopathie.de\/index.php?rest_route=\/wp\/v2\/users\/1"}],"replies":[{"embeddable":true,"href":"https:\/\/kistner-osteopathie.de\/index.php?rest_route=%2Fwp%2Fv2%2Fcomments&post=10"}],"version-history":[{"count":10,"href":"https:\/\/kistner-osteopathie.de\/index.php?rest_route=\/wp\/v2\/pages\/10\/revisions"}],"predecessor-version":[{"id":322,"href":"https:\/\/kistner-osteopathie.de\/index.php?rest_route=\/wp\/v2\/pages\/10\/revisions\/322"}],"wp:attachment":[{"href":"https:\/\/kistner-osteopathie.de\/index.php?rest_route=%2Fwp%2Fv2%2Fmedia&parent=10"}],"curies":[{"name":"wp","href":"https:\/\/api.w.org\/{rel}","templated":true}]}}